25 and o.
5
Let u = -3 + 7. Let h be 2/6 - (-35)/(-15). Let f be 69/12 - h/8. Calculate the greatest common factor of f and u.
2
Suppose 0*f = 2*f. Suppose 2*p = -f*p. Let o = 16 + p. Calculate the highest common factor of 48 and o.
16
Let s be 2 + -2 + -2 + 68. Suppose 9*a - 10*a = -s. Calculate the highest common factor of 99 and a.
33
Let v(c) = -c**2 + 7*c - 3. Let k be v(6). Suppose 2*a + 4*u - 2 = 0, -4*a = -a + 3*u - 15. What is the greatest common factor of k and a?
3
Let m be (-4)/(-18) - (5 + (-3951)/81). What is the highest common divisor of m and 4?
4
Let u be (3/(-6))/(1/(-6)). Let o = u + -4. Let b be o + (-9)/6*-4. Calculate the highest common divisor of b and 55.
5
Let l(r) = r - 1. Let t be l(5). Let s = 7 - t. Suppose s*q = 4*g + 19, -2*q + 4*q - 3*g - 12 = 0. Calculate the highest common divisor of 27 and q.
9
Let n be 701/6 + 2/12. Calculate the highest common divisor of 13 and n.
13
Let j be 2 + (-1 - -2)*2. Let t be (-2)/(-3) - (-28)/12. Suppose 2*r - 4*p = 76, -2*r - 3*r + t*p = -211. Calculate the highest common factor of j and r.
4
Let a be 4*(-2 + (-22)/(-8)). Suppose a*i - 4*i = -3. Let v(w) = 3*w - 1. Let k be v(i). Calculate the highest common divisor of k and 8.
8
Let f = -37 + 23. Let s be (-10)/(-35) + (-52)/f. Calculate the greatest common divisor of s and 16.
4
Suppose -4*p = p - 715. Let d(q) = q**2 - 2*q - 2. Let r be d(5). What is the highest common factor of r and p?
13
Let g = -997 + 1401. Suppose -2*h - 5*c + 30 = 0, 3*h + 0*h + 5*c = 35. Suppose -54 = h*j - g. What is the greatest common factor of j and 14?
14
Suppose -3*p - 2*l = -3, -4*p - l = -0*p + 1. Let x be (-42)/p + 6/2. What is the greatest common divisor of x and 5?
5
Let k = -6 + 9. Suppose 0 = a - 6 + k. Let o be -1 - ((-26)/1 - -1). Calculate the greatest common divisor of a and o.
3
Let a(n) = -15*n**3 + n + 1. Let w be a(-1). What is the greatest common factor of 105 and w?
15
Let g be ((-7)/14)/((-3)/162). Calculate the greatest common factor of g and 9.
9
Let i(g) = g**3 - 3*g**2 - 4*g + 4. Let h be i(4). Suppose 0 = -2*p + 105 - 23. Suppose 3*s - 67 = p. Calculate the greatest common divisor of s and h.
4
Let k be 6 + -6 - (-1 - 97). What is the greatest common factor of 14 and k?
14
Let i be (-8)/36 - 3532/(-18). Suppose i = 2*t + 36. Let u be ((-6)/(-5))/(4/t). What is the highest common divisor of 6 and u?
6
Suppose 0*t - 15 = 4*m - 5*t, 0 = m - t + 3. Suppose -3*a + m*a = -30. What is the highest common divisor of 70 and a?
10
Let k be (-152)/(-10) - (-8)/10. Calculate the highest common factor of k and 32.
16
Suppose -4*r + 9*r - 1150 = 0. Let n = r - -375. Suppose 0*x + n = 5*x. Calculate the greatest common factor of 11 and x.
11
Let g(i) = 5*i. Let s be g(4). Let m = 3 - 2. Let x = 31 - m. What is the greatest common divisor of x and s?
10
Let x = -3 - 3. Let h(t) = -t**3 - 6*t**2 - 2*t - 5. Let y be h(x). Calculate the highest common factor of 1 and y.
1
Suppose 0 = -4*w - 34 + 6. Let p = 13 + w. Let n be 134/p + (-1)/3. What is the greatest common factor of 11 and n?
11
Let q(t) = t**2 + 3*t + 2. Suppose 3*z = -5 - 1. Let k be 1/((z/(-8))/(-1)). Let h be q(k). Calculate the highest common factor of h and 9.
3
Suppose 0 = 3*g - 5*g + 30. Suppose 3*w + 2*w = 750. Calculate the highest common divisor of g and w.
15
Let w = -39 + 44. What is the greatest common divisor of 20 and w?
5
Let i(k) = k**2 - 10*k + 11. Let n be i(8). Let h = n - -5. Let s be (h + 1)*(19 + 1). Calculate the greatest common divisor of 5 and s.
5
Let t be (-15)/(-2)*12/9. What is the greatest common factor of 2 and t?
2
Let k be 2 - 0 - 1 - 2. Let q(b) = -22*b + 2. Let d be q(k). Calculate the greatest common divisor of 60 and d.
12
Let r be 5/35 + 444/28. What is the greatest common factor of r and 128?
16
Let x(j) = 2*j - 1. Let w be x(3). Let q(s) = s - 3. Let k be q(-2). Let r be 304/20 - (-1)/k. Calculate the highest common divisor of w and r.
5
Let w = -89 + 187. Suppose -18 = -4*u + x, 5*u + x = 6 + 12. Suppose u*g - 3*g - 14 = 0. What is the greatest common factor of w and g?
14
Suppose -s - r = -5*s + 60, s - 28 = -3*r. Let h be (-1 - -1)/2 + s. Let y = 5 + h. What is the greatest common factor of 3 and y?
3
Let s(z) = z + 20. Let g be s(0). Suppose -v - v = -g. Suppose -4*h + 61 = -19. Calculate the highest common factor of h and v.
10
Suppose -15 = -5*o + 30. What is the highest common divisor of o and 81?
9
Let q be (18/18)/(1/3). Calculate the greatest common divisor of 39 and q.
3
Let q(s) = 27*s + 2. Let h(o) = o**3 + 2*o**2 - o. Let b be h(1). Let j be q(b). Calculate the highest common factor of j and 14.
14
Let v(s) = s**2 + 6*s + 9. Let h be v(7). Suppose y + 92 = 6*q - 2*q, -h = -4*q + 3*y. Calculate the highest common divisor of q and 132.
22
Let j = -47 + 68. Calculate the highest common divisor of j and 63.
21
Let l(d) = 5*d + d**2 - 4*d - 3*d + 9 - 6*d. Let i be l(7). Let x be (32/(-12) - -2)*-12. Calculate the greatest common factor of i and x.
2
Let a = 5 - -1. What is the highest common divisor of a and 48?
6
Let c(z) = 5*z**2 - z + 1. Let i be c(-1). What is the greatest common divisor of i and 49?
7
Let n = -41 - -69. Suppose c + 4*d - 14 = 12, -5*c - 5*d + 190 = 0. What is the highest common factor of n and c?
14
Let v(w) = -17 + w**2 + 8 + 6. Let s be v(5). Calculate the greatest common factor of 154 and s.
22
Let o(u) = -u + 81. Let g be o(0). What is the highest common factor of g and 27?
27
Let u be (-3)/(1 - (-74)/(-68)). What is the highest common divisor of 374 and u?
34
Let p = 52 - 8. Suppose -3*v = 18 - 51. Calculate the highest common factor of p and v.
11
Let b = 248 + -71. Calculate the highest common factor of b and 118.
59
Let w be 13/(-1)*-6 + -2. Suppose t + w = 5*t. Let h = t - 6. Calculate the highest common divisor of h and 91.
13
Let j(u) = 3*u + 2*u - 2 + 2*u - u. Let s be j(4). What is the highest common factor of s and 242?
22
Let s be 2/6 + 8/12 - -142. What is the highest common factor of s and 22?
11
Let f be (-2)/(-8) + 25/(-4). Let n(i) = -i**3 - 5*i**2 + 5*i. Let v be n(f). Calculate the highest common divisor of 15 and v.
3
Let q(j) = j**2 + 9*j - 3. Let k be q(-10). Suppose n = 4*r - 225, -3*n - 2 = 1. What is the highest common divisor of k and r?
7
Let k = 8 + -3. What is the greatest common divisor of 55 and k?
5
Let x(y) = 9*y - 6. Let q be x(6). Let p = 5 - 5. Let d be (-3 - -1)*-3 - p. What is the greatest common divisor of q and d?
6
Suppose 9 = g - 2. Suppose -275 = -2*o - 3*o. Calculate the highest common divisor of o and g.
11
Let t(r) = r + 32. Let v be t(0). Suppose -2*b = -6*b + v. Calculate the greatest common factor of 56 and b.
8
Let b be (-1 - -4)/(2/10). Let u be 4668/b - (-1)/(-5). Suppose -5*f - 4*r + u = -0*r, -312 = -5*f - 3*r. What is the highest common divisor of 7 and f?
7
Let f = -6 + 10. Let j(c) = -12*c + 2. Let a be j(-4). Let r = a + f. What is the highest common factor of r and 6?
6
Let f = 10 + -6. Let k = -7 - -17. What is the greatest common divisor of f and k?
2
Let q be (-7410)/(-169) - (-2)/13. What is the highest common factor of q and 11?
11
Suppose 3 + 5 = -4*a. Let s = a - -47. Calculate the greatest common divisor of s and 9.
9
Let o = -108 - -63. Let s = -27 - o. Let x(y) = 2*y**3 - 9*y**2 + 10*y - 6. Let h be x(6). Calculate the highest common divisor of h and s.
18
Let k(w) = -w**2 + 8*w + 8. Let m be k(7). Let p = m + -5. What is the greatest common divisor of 20 and p?
10
Let h(p) = -p**2 - 4*p - 5. Let q be h(-3). Let y be 9*1*(q + 7). Calculate the highest common divisor of y and 30.
15
Let m be (198/8 - 1) + 3/12. Suppose -3*a - 3255 = -3*k, -5*k + 4*k + 2*a = -1090. Suppose -2*v + k = 3*v. Calculate the highest common divisor of v and m.
24
Let o = 4 + -1. Suppose 55 = -b + 6*b + 2*p, o*b - 37 = -2*p. Let j(k) = 71*k + 1. Let f be j(1). Calculate the highest common divisor of f and b.
9
Let z = -11 - -21. Suppose -5*c - 6*j = -j - z, c + 6 = -5*j. Suppose c*q - q = 36. Calculate the highest common factor of 24 and q.
12
Suppose 0 = -5*r - 2*s + 206, 0 = -5*r + 2*s - 5*s + 204. What is the highest common divisor of r and 6?
6
Let w be 0/(3 + -2 - 2). Suppose w = 2*a + a - 6. Suppose -10 = -2*m + 18. What is the greatest common divisor of m a